1 a composite number?
True
Is 9471671689 prime?
False
Is 18842741 prime?
True
Is 1781853499 a prime number?
False
Is 2186243321 prime?
True
Is 1286902607 a prime number?
True
Is 428612423 a prime number?
True
Is 2015079217 composite?
True
Is 30332867351 a prime number?
True
Is 3353850887 a prime number?
True
Is 9386098681 a prime number?
False
Is 1230777253 a composite number?
True
Is 17027519893 a prime number?
False
Is 55929627935 a prime number?
False
Is 10099686983 prime?
False
Is 386019993 a composite number?
True
Is 57005279098 a composite number?
True
Is 184452143 a composite number?
True
Is 162317789 composite?
False
Is 1357278743 a prime number?
True
Is 140352987143 prime?
False
Is 3390775081 composite?
True
Is 1004089159 prime?
True
Is 4055367709 a composite number?
False
Is 67510897 a prime number?
False
Is 6203805389 composite?
True
Is 4026575473 a composite number?
False
Is 1477628963 prime?
False
Is 4372014419 a composite number?
False
Is 157737577 a composite number?
True
Is 100768518671 a composite number?
False
Is 9276949483 a prime number?
True
Is 956126879 a composite number?
True
Is 86540668183 a composite number?
False
Is 26297697971 prime?
False
Is 48840310853 composite?
False
Is 3735928873 composite?
False
Is 1757084423 prime?
True
Is 26159405015 composite?
True
Is 243339593129 composite?
False
Is 20069371579 prime?
False
Is 2056920889 a prime number?
False
Is 1445258279 prime?
True
Is 3221715769 a composite number?
False
Is 4696288867 prime?
True
Is 83763221 composite?
True
Is 810168511 prime?
False
Is 420164999 prime?
True
Is 11829990245 prime?
False
Is 7328266727 prime?
True
Is 3583048593 a composite number?
True
Is 1591168981 a prime number?
True
Is 3657491599 prime?
True
Is 1301618023 a composite number?
False
Is 48003694657 prime?
False
Is 68909726453 a composite number?
False
Is 13936097611 prime?
True
Is 171251158943 a composite number?
False
Is 32822789633 a composite number?
False
Is 62182417 a composite number?
True
Is 55665816691 a prime number?
True
Is 1524123823 a prime number?
False
Is 1287168479 a prime number?
True
Is 61062063641 a prime number?
True
Is 517181334187 a composite number?
True
Is 3797323741 composite?
False
Is 334141963 a composite number?
True
Is 4591689197 a prime number?
True
Is 639726299 prime?
True
Is 41303004089 prime?
False
Is 3102735617 prime?
True
Is 515147879 composite?
False
Is 417065329 a prime number?
False
Is 1017780689 prime?
True
Is 23933186171 a prime number?
True
Is 11789029907 a composite number?
False
Is 1679158969 a prime number?
False
Is 1116838109 a composite number?
False
Is 56732051839 prime?
True
Is 482348957 a prime number?
False
Is 728957917 prime?
True
Is 236271569 a prime number?
True
Is 53207573693 a composite number?
False
Is 704261293 a composite number?
True
Is 1865158423 prime?
True
Is 11046795259 prime?
False
Is 2015737631 a composite number?
True
Is 1355937839 a prime number?
True
Is 979472707 composite?
True
Is 104802979 composite?
True
Is 177580787 composite?
True
Is 11947756963 a composite number?
False
Is 17569162159 prime?
False
Is 3348477127 a composite number?
False
Is 19826317613 prime?
True
Is 316482186191 a prime number?
True
Is 123559699 composite?
False
Is 1298487317 a prime number?
True
Is 270299461 a composite number?
False
Is 15473174371 composite?
True
Is 13643024561 prime?
False
Is 1048997441 prime?
False
Is 47135293 a prime number?
True
Is 6797076563 a composite number?
True
Is 5302834961 a composite number?
False
Is 10436940251 composite?
True
Is 705071309 a prime number?
False
Is 391804847 composite?
True
Is 8586730349 a composite number?
True
Is 813027251 composite?
False
Is 558943241 prime?
True
Is 837959 a composite number?
True
Is 304256377 prime?
True
Is 7203390553 a composite number?
False
Is 19029694533 a composite number?
True
Is 120418875337 composite?
False
Is 42170743207 composite?
False
Is 738880511 a composite number?
True
Is 1651835407 a prime number?
False
Is 12378403237 a composite number?
False
Is 2484582046 prime?
False
Is 7879731517 composite?
True
Is 474261581 prime?
False
Is 2648168443 a prime number?
True
Is 13431966173 a prime number?
True
Is 169069978553 a prime number?
False
Is 7470075941 composite?
False
Is 112233827 a prime number?
False
Is 83958317 composite?
True
Is 1738299347 a composite number?
False
Is 278628881 prime?
False
Is 915602839 a composite number?
False
Is 5590715797 a composite number?
False
Is 4907914379 prime?
True
Is 2607046093 composite?
False
Is 47941676141 a prime number?
True
Is 14060388647 composite?
False
Is 5711075519 composite?
True
Is 543778729 prime?
False
Is 6238637 a composite number?
True
Is 6030525887 prime?
False
Is 47852683 composite?
False
Is 2109084259 prime?
True
Is 2319448511 a prime number?
True
Is 673712401 prime?
False
Is 63955014542 a composite number?
True
Is 11393663467 prime?
True
Is 47597818885 composite?
True
Is 132904391 a composite number?
True
Is 101286239 prime?
False
Is 5158386853 a composite number?
False
Is 78430033 a prime number?
False
Is 1604914991 composite?
True
Is 3435983069 a composite number?
True
Is 39257927 a composite number?
False
Is 894328219 a prime number?
True
Is 8398783117 composite?
False
Is 852499463 a composite number?
True
Is 2077833335 composite?
True
Is 1543197833 composite?
True
Is 541765447 a prime number?
True
Is 17236431011 a composite number?
False
Is 11784908123 prime?
True
Is 34608552809 a prime number?
True
Is 3781467629 a composite number?
True
Is 51402216857 prime?
True
Is 214938601 a prime number?
True
Is 745246543 a prime number?
True
Is 293130067 a composite number?
True
Is 400911887 prime?
False
Is 332393363 a prime number?
True
Is 8712913093 prime?
False
Is 7522252769 a composite number?
True
Is 10987505 a composite number?
True
Is 149268056429 prime?
False
Is 124582819 a prime number?
True
Is 8540404933 a prime number?
True
Is 3081259 a composite number?
False
Is 18017331491 composite?
True
Is 1074321413 a prime number?
False
Is 8625737413 composite?
True
Is 3351574627 a composite number?
False
Is 15971287153 prime?
True
Is 2862573199 a composite number?
False
Is 640920409 a composite number?
False
Is 87256960859 composite?
True
Is 8485329647 prime?
False
Is 128601803489 prime?
True
Is 951643349 a prime number?
True
Is 259678781 prime?
True
Is 26334329 prime?
False
Is 1327367003 composite?
True
Is 8367006409 prime?
True
Is 270686309 a composite number?
False
Is 28382554193 a composite number?
True
Is 647340391 a prime number?
True
Is 24778161529 composite?
True
Is 1674146849 composite?
False
Is 228137395105 composite?
True
Is 1330991443 a composite number?
True
Is 9036232661 a prime number?
True
Is 80442909119 composite?
False
Is 975571327 a composite number?
True
Is 17446326971 a prime number?
False
Is 516596293 a prime number?
True
Is 6013052603 composite?
False
Is 5816257861 prime?
False
Is 27951546619 a prime number?
False
Is 6053880683 composite?
False
Is 1207862441 a prime number?
False
Is 713985677 a composite number?
True
Is 9758799239 prime?
False
Is 10253679463 a composite number?
True
Is 5810058797 prime?
True
Is 114577913 prime?
True
Is 14588455681 prime?
False
Is 2337189317 composite?
False
Is 577883687 prime?
True
Is 121937310123 prime?
False
Is 2690602331 a prime number?
False
Is 31376472911 a prime number?
False
Is 314881103 a prime number?
True
Is 15228775429 composite?
True
Is 3790598587 a composite number?
False
Is 1200586889 prime?
True
Is 273893251 a composite number?
True
Is 2249205935 composite?
True
Is 38339157871 a composite number?
True
Is 5748215927 composite?
False
Is 202442809 prime?
True
Is 1565882083 prime?
False
Is 1889212069 prime?
False
Is 6766425823 composite?
False
Is 471017311 a prime number?
False
Is 159005017 a composite number?
True
Is 6484780257 a composite number?
True
Is 23916733769 a prime number?
True
Is 9160713526 a prime number?
False
Is 115565603 prime?
True
Is 30510888817 a composite number?
False
Is 176098877 composite?
True
Is 25915303087 a prime number?
False
Is 10735543937 prime?
True
Is 1878698963 a composite number?
False
Is 1656443749 prime?
True
Is 17546857253 prime?
False
Is 59923925639 a composite number?
False
Is 59395862047 a prime number?
False
Is 77